se 2*l + l - 10 = k, -3*l = -15. Suppose 8*z = 3*z - 4*m + 55, -55 = -k*z + m. Calculate the greatest common factor of 55 and z.
11
Suppose 5*t - 65 = 155. What is the highest common divisor of 154 and t?
22
Let l(d) = 6*d + 23. Let x be l(-2). Calculate the greatest common divisor of x and 11.
11
Suppose -12 = -3*c + o, 7*c - 2*c - 3 = -4*o. Suppose n - 16 = 4*p, -c*n = -2*p - 63 - 15. What is the highest common divisor of n and 4?
4
Let n(s) = -14*s + 4. Let i(k) = -k. Let a(y) = -3*i(y) - n(y). Let j = -1 - -3. Let t be a(j). Calculate the highest common divisor of 45 and t.
15
Let i(w) = 4*w**3 - w + 1. Let n be i(1). Suppose b + h = -2, 5*b - n*h - 27 = 8. Let l = 13 + b. Calculate the highest common divisor of l and 8.
8
Suppose 3*p - 4*p = -6. Suppose 4 - 82 = -p*x. Let j = 25 - x. What is the greatest common divisor of 6 and j?
6
Let k(m) = -5*m - 12. Let i be k(-10). Let h = -158 + 215. What is the greatest common divisor of i and h?
19
Let y be (8/6)/(6*1/4221). What is the highest common factor of y and 28?
14
Suppose 0 = 7*o + 182 - 812. Suppose -25 - o = -5*a + 4*v, 3*a - 3*v = 66. What is the highest common factor of a and 27?
27
Let c(q) = 133*q**2 + 3 + 60*q - 32*q - 32*q. Let u be c(1). What is the greatest common divisor of u and 33?
33
Let j = 9 - 10. Let x be 42*(j - (-12)/9). Let h = 22 - 15. What is the highest common divisor of x and h?
7
Suppose s - 3*p - 14 = 0, 4*s - 6*s - 2*p + 52 = 0. What is the greatest common divisor of 713 and s?
23
Let c = 28 - 24. Let f be 2*(-3 + c) - -1. Suppose -f*q + 59 = -235. Calculate the highest common divisor of 14 and q.
14
Suppose -27 = -2*x + 71. Let c = -2469 + 2483. What is the highest common divisor of x and c?
7
Let s be (-3)/30 + 7/(-350)*-37805. What is the highest common divisor of 24 and s?
12
Let l(q) = -q**3 + 5*q**2 + 7*q - 3. Let g be l(6). Suppose g*u + 0*u - 5*o = -198, -3 = o. Let a = u - -159. What is the greatest common divisor of 8 and a?
8
Let a(f) = -2*f. Let w(t) = -18*t + 6. Let m(s) = 8*a(s) - w(s). Let i be m(9). What is the greatest common factor of 276 and i?
12
Let d(s) = 2*s**3 + s**2. Let c = 14 + -13. Let i be d(c). Calculate the highest common factor of i and 33.
3
Let u = 32 + -18. Suppose 0 = i + i - 8, -3*i = -2*v + 296. Calculate the highest common factor of v and u.
14
Suppose -464 - 10 = 3*l. Let i = l + 328. What is the highest common divisor of i and 10?
10
Let l = 10 + -5. Suppose 2*g + w = -g + 12, 0 = 4*g + l*w - 5. Let a be 20/8*18/g. Calculate the greatest common divisor of a and 9.
9
Suppose 4*t = 5*x - 179, -3*x = 2*t + 45 - 170. Calculate the highest common factor of x and 52.
13
Suppose 741 - 186 = -5*h. Let o = h + 186. What is the highest common factor of o and 15?
15
Suppose 775 = 6*q - 3833. What is the greatest common divisor of q and 24?
24
Suppose -4*f + 5*c - 417 = -6*f, -7*f + 1509 = c. Calculate the highest common factor of 168 and f.
24
Let q be -36*(-1)/((-4)/384*-4). What is the greatest common divisor of 32 and q?
32
Let j(l) = -25*l**3 - 2*l**2 - l. Let b be j(-1). Let o be 168/4*70/49. Calculate the greatest common factor of o and b.
12
Let m(f) = 36*f + 6. Suppose 18 - 10 = 2*u. Let y be m(u). Suppose 0 = -0*p + 5*p - y. Calculate the highest common divisor of p and 20.
10
Suppose 0 = 17*j - 21*j + 176. Calculate the greatest common factor of j and 1.
1
Let o = -48 + 84. Let w = -133 - -160. Calculate the highest common divisor of o and w.
9
Suppose 0 = -3*m - 5*w + 28, 18 = m - 5*w - 18. Let u = m - -23. Suppose 6*z - z - 65 = 0. What is the highest common divisor of z and u?
13
Let p(k) = -k + 18. Let n be p(4). Let m be (-72)/n*154/(-33). Calculate the highest common factor of m and 24.
24
Suppose -3*r = 2*r - 525. Let j = 3636 + -3594. What is the greatest common factor of r and j?
21
Let l(f) = 3*f**2 + 6*f + 6. Let x be l(-4). Let h = 11 - -34. What is the highest common divisor of x and h?
15
Let k = -515 + 862. Let p = k + -157. Suppose -4*m + 2*n = -m - p, 2*n = -5*m + 290. Calculate the greatest common factor of m and 24.
12
Let g be ((-44)/32 - -1) + (-1131)/(-8). Let d = 96 - 2. What is the highest common factor of g and d?
47
Let c(r) = 188*r - 25. Let o(a) = 47*a - 6. Let v(k) = -2*c(k) + 9*o(k). Let q be v(4). Let s = 780 + -757. Calculate the highest common divisor of s and q.
23
Suppose g + 3*o - 56 = 0, -3*g - 2*g - 2*o + 254 = 0. Calculate the highest common factor of g and 80.
10
Let c be ((-2900)/(-24) - 0) + (-5)/6. Calculate the greatest common divisor of c and 216.
24
Suppose -z + 17 = 3*y - 5, 3*z + 6 = 3*y. Suppose -2*j = -y*j - 5*t + 230, 216 = 4*j - 2*t. Calculate the highest common divisor of j and 22.
11
Let k(l) = -87*l - 129. Let w be k(-10). Calculate the highest common factor of w and 78.
39
Let t be 10 + (-2)/3*-3. Let u(p) = p**2 - p - 3. Let n be u(-2). Suppose 19 + 35 = n*b. Calculate the greatest common factor of b and t.
6
Let q be (-9 - -51)/((-2)/(-3)). Suppose 161 + q = 4*u. Calculate the highest common factor of 140 and u.
28
Let r(t) = -13*t**2 + t. Let o be r(1). Let g be (-2)/o - (-25)/30. Suppose g = c - 27. Calculate the greatest common divisor of c and 70.
14
Let t be 16*(-4 + (-31)/(-4)). What is the greatest common divisor of t and 24?
12
Suppose -2*m + 22 = -2*b, 6*b + 2*m = b - 20. Let z = b + 20. What is the greatest common divisor of 21 and z?
7
Let t(k) = -4*k + 169. Let a be t(0). What is the highest common divisor of a and 39?
13
Let y(d) = 51*d**2 + 5*d + 4. Let l be y(-1). Suppose -o - z = -20, 5*o - 3*z - 80 = o. Calculate the greatest common divisor of l and o.
10
Suppose 2*g - 66 - 6 = 0. What is the highest common divisor of 108 and g?
36
Let b(j) = -2*j**3 - 7*j**2 + 13*j - 46. Let p be b(-10). Calculate the greatest common factor of 4 and p.
4
Let o(p) = -p**3 + 5 + 9*p**3 + 3*p**2 - 2*p**3 + p**2 - 9*p. Let s be o(2). What is the greatest common divisor of s and 3?
3
Suppose 4*k - 64 - 56 = 0. Calculate the highest common divisor of k and 40.
10
Let o be (-3)/(-3)*1*3. Suppose i + 5*p - 69 = -o*i, 36 = 2*i + 4*p. What is the highest common divisor of 80 and i?
16
Suppose 5*a - 10*z + 12*z = 68, a - 13 = -z. Calculate the highest common factor of a and 14.
14
Suppose 3*q - 19 = -0*g + 4*g, 5*g = -5*q + 90. Let x = 11 - q. Let j = x - -19. What is the greatest common divisor of 187 and j?
17
Let g(y) = 6*y**2 + 12*y + 90. Let k be g(9). Calculate the highest common factor of k and 36.
36
Let j be -24*(0 + (-116)/12 + 5). Calculate the greatest common factor of 32 and j.
16
Let a(p) = p**3 + 3*p**2 - 4*p + 3. Let k be a(-5). Let r = -16 - k. What is the greatest common divisor of 11 and r?
11
Let o be -12 + 464/24 + (-2)/(-3). Suppose 0*n = 3*v - 2*n - 36, 4*n + 12 = v. Calculate the highest common divisor of v and o.
4
Let m(w) = -3*w - 11. Let f be m(-8). Let x(s) = -9*s**2 - 17 - f*s**2 + 23*s**2 + 10*s. Let n be x(-13). What is the greatest common divisor of 2 and n?
2
Let j = -49 + 43. Let r be (-3 - j)*4/(4*3). What is the highest common factor of 11 and r?
1
Let z(w) = -2*w**2 - 72*w + 88. Let n be z(-37). What is the greatest common factor of n and 385?
7
Suppose -3*l - i + 53 = -3*i, 5*l = 5*i + 90. Suppose 3 = p - l. Let b be ((-6)/(-5))/(3/50). Calculate the highest common divisor of p and b.
20
Suppose 3*y - 738 = -3*h + 1383, 4*h = -y + 716. What is the highest common divisor of 44 and y?
44
Suppose 0 = 48*f - 42*f - 2088. Calculate the greatest common divisor of 435 and f.
87
Let t(m) = m**3 + 8*m**2 - 48*m + 5. Let c be t(-12). What is the highest common divisor of c and 7?
1
Let h = 13 - 5. Let y be 2/11 + (-105)/33. Let p be (2*y + -2)*-4. What is the highest common factor of h and p?
8
Let w = -18 - -38. Let l be (90/(-25))/(1/w). Let a be ((-35)/(-14))/((-2)/l). Calculate the greatest common factor of a and 18.
18
Suppose -5*p + 12 = -68. Let b(w) = 3*w**2 - 8*w. Let r be b(8). Calculate the highest common divisor of r and p.
16
Let z(f) = -16*f - 2. Let a be z(-7). Let m be 8/2*3/4. Suppose 11 = -m*v + 41. Calculate the highest common factor of a and v.
10
Let k be (3480/32)/(((-18)/16)/(-3)). Let d = 74 + -16. Calculate the greatest common factor of k and d.
58
Let o(i) = -2 - 7 + 8 + i + 0*i. Let r be o(6). Calculate the greate